lculate the greatest common factor of 60 and 1296.
12
Calculate the greatest common divisor of 210 and 252.
42
What is the highest common factor of 57 and 4883?
19
Calculate the highest common divisor of 1206 and 18.
18
Calculate the greatest common divisor of 7 and 14.
7
What is the greatest common factor of 53 and 45739?
53
Calculate the greatest common divisor of 368 and 46.
46
Calculate the greatest common factor of 15 and 102.
3
Calculate the greatest common factor of 5922 and 28.
14
What is the highest common factor of 513 and 45?
9
Calculate the highest common factor of 21534 and 444.
222
What is the highest common factor of 1639 and 2086?
149
Calculate the highest common factor of 13 and 7241.
13
What is the greatest common divisor of 1651 and 13?
13
What is the greatest common divisor of 5 and 137?
1
Calculate the greatest common factor of 210 and 30.
30
Calculate the highest common factor of 96 and 13872.
48
Calculate the greatest common factor of 144 and 261.
9
Calculate the greatest common divisor of 30 and 24630.
30
Calculate the highest common divisor of 539 and 231.
77
Calculate the highest common factor of 84 and 408.
12
Calculate the greatest common factor of 616 and 56.
56
What is the highest common factor of 1261 and 13?
13
What is the greatest common divisor of 846 and 36?
18
What is the highest common divisor of 945 and 15?
15
What is the greatest common factor of 10 and 370?
10
What is the highest common factor of 80 and 15?
5
Calculate the highest common divisor of 32 and 24.
8
What is the highest common factor of 832 and 192?
64
What is the greatest common divisor of 3537 and 524?
131
Calculate the highest common factor of 27 and 261.
9
Calculate the highest common divisor of 114 and 912.
114
What is the highest common factor of 21 and 51?
3
What is the highest common divisor of 31 and 961?
31
Calculate the highest common divisor of 962 and 222.
74
What is the greatest common factor of 52 and 39?
13
Calculate the greatest common divisor of 695 and 5143.
139
What is the highest common factor of 38 and 95?
19
Calculate the greatest common divisor of 100 and 200.
100
Calculate the highest common factor of 43 and 1.
1
Calculate the highest common divisor of 504 and 120.
24
What is the highest common factor of 2 and 648?
2
Calculate the highest common divisor of 64 and 136.
8
What is the greatest common divisor of 70 and 28?
14
What is the highest common factor of 1695 and 45?
15
What is the greatest common factor of 1792 and 112?
112
Calculate the highest common divisor of 2770 and 10.
10
Calculate the highest common factor of 54 and 2646.
54
What is the greatest common factor of 688 and 640?
16
What is the greatest common factor of 63 and 7767?
9
Calculate the highest common divisor of 81 and 9.
9
What is the greatest common factor of 522 and 11223?
261
Calculate the highest common divisor of 2871 and 44.
11
What is the greatest common divisor of 4097 and 241?
241
What is the greatest common divisor of 34 and 22?
2
Calculate the greatest common factor of 11 and 13211.
11
What is the greatest common factor of 4510 and 1025?
205
What is the greatest common divisor of 804 and 48?
12
Calculate the highest common factor of 13 and 26585.
13
Calculate the highest common factor of 38 and 1729.
19
What is the greatest common factor of 40 and 3112?
8
Calculate the greatest common divisor of 384 and 24.
24
Calculate the greatest common divisor of 26 and 16.
2
Calculate the highest common factor of 168 and 372.
12
Calculate the highest common divisor of 60 and 9390.
30
Calculate the highest common divisor of 539 and 11.
11
Calculate the greatest common divisor of 45 and 1335.
15
Calculate the highest common factor of 5 and 5.
5
What is the greatest common factor of 288 and 96?
96
What is the highest common factor of 27 and 225?
9
What is the highest common divisor of 92 and 7981?
23
What is the greatest common factor of 60 and 2268?
12
Calculate the highest common factor of 2320 and 125.
5
What is the greatest common divisor of 1 and 41?
1
Calculate the highest common factor of 5159 and 6566.
469
What is the highest common divisor of 228 and 12?
12
What is the greatest common factor of 729 and 36?
9
Calculate the highest common divisor of 1430 and 2200.
110
What is the greatest common factor of 238 and 3434?
34
What is the greatest common factor of 138 and 51?
3
What is the highest common divisor of 1333 and 516?
43
Calculate the highest common factor of 5 and 9.
1
Calculate the greatest common factor of 303 and 41.
1
Calculate the highest common factor of 19 and 608.
19
What is the greatest common factor of 6693 and 69?
69
Calculate the highest common divisor of 16641 and 9.
9
Calculate the highest common divisor of 551 and 19.
19
What is the greatest common divisor of 225 and 135?
45
Calculate the highest common factor of 264 and 3564.
132
What is the highest common factor of 100 and 75?
25
What is the highest common factor of 1887 and 111?
111
Calculate the highest common divisor of 31 and 248.
31
What is the greatest common divisor of 58 and 22881?
29
What is the greatest common factor of 28 and 4158?
14
What is the greatest common factor of 109 and 3488?
109
What is the highest common divisor of 12 and 3?
3
What is the highest common divisor of 20 and 140?
20
What is the highest common divisor of 466 and 3?
1
What is the greatest common divisor of 4187 and 79?
79
Calculate the greatest common divisor of 505 and 404.
101
Calculate the highest common factor of 2704 and 624.
208
Calculate the greatest common factor of 10 and 310.
10
Calculate the greatest common factor of 20 and 65.
5
What is the highest common divisor of 704 and 22?
22
Calculate the highest common divisor of 1000 and 40.
40
What is the greatest common divisor of 360 and 22590?
90
What is the highest common divisor of 7 and 2471?
7
What is the greatest common divisor of 1079 and 26?
13
Calculate the highest common divisor of 150 and 325.
25
What is the greatest common divisor of 1043 and 21?
7
What is the highest common factor of 297 and 1353?
33
What is the highest common factor of 465 and 75?
15
What is the greatest common divisor of 105 and 84?
21
Calculate the highest common divisor of 4 and 148.
4
What is the highest common factor of 600 and 12?
12
Calculate the greatest common factor of 45 and 1233.
9
What is the greatest common factor of 20 and 7460?
20
Calculate the highest common divisor of 1491 and 42.
21
What is the greatest common divisor of 44 and 66?
22
What is the highest common factor of 531 and 135?
9
Calculate the highest common divisor of 116 and 4901.
29
Calculate the highest common divisor of 62625 and 250.
125
What is the greatest common divisor of 14 and 5?
1
Calculate the highest common divisor of 320 and 1720.
40
Calculate the greatest common factor of 1394 and 170.
34
What is the greatest common factor of 611 and 793?
13
Calculate the greatest common divisor of 10 and 635.
5
Calculate the highest common divisor of 10 and 135.
5
Calculate the highest common factor of 58 and 1798.
58
Calculate the greatest common divisor of 6104 and 252.
28
Calculate the greatest common factor of 4 and 38.
2
Calculate the greatest common factor of 3 and 3369.
3
What is the greatest common divisor of 968 and 10406?
242
What is the highest common divisor of 28 and 1386?
14
What is the greatest common factor of 96670 and 35?
35
Calculate the greatest common factor of 14 and 378.
14
What is the highest common divisor of 171 and 18?
9
What is the highest common divisor of 959 and 1096?
137
What is the greatest common factor of 50 and 1175?
25
Calculate the greatest common factor of 27 and 16389.
27
What is the highest common factor of 396 and 18?
18
What is the highest common factor of 40 and 5?
5
Calculate the highest common factor of 351 and 39.
39
Calculate the greatest common divisor of 21 and 861.
21
Calculate the highest common divisor of 476 and 2584.
68
Calculate the highest common divisor of 1 and 31.
1
Calculate the highest common factor of 480 and 1170.
30
What is the highest common divisor of 5439 and 555?
111
What is the greatest common factor of 1920 and 40?
40
What is the highest common divisor of 175 and 7?
7
Calculate the highest common facto